s 6 divide 72?
True
Does 62 divide 3348?
True
Is 98903 a multiple of 248?
False
Is 382 a multiple of 14?
False
Is 18 a factor of 90?
True
Is 5 a factor of 27?
False
Does 54 divide 3618?
True
Does 13 divide 910?
True
Is 45525 a multiple of 27?
False
Is 1350 a multiple of 150?
True
Is 5 a factor of 3342?
False
Is 7344 a multiple of 27?
True
Does 13 divide 1493?
False
Is 13 a factor of 403?
True
Is 5060 a multiple of 22?
True
Does 197 divide 67605?
False
Is 4122 a multiple of 5?
False
Is 3 a factor of 1083?
True
Is 62 a factor of 13857?
False
Is 2142 a multiple of 6?
True
Is 5 a factor of 5773?
False
Does 16 divide 17744?
True
Does 13 divide 66170?
True
Does 40 divide 200?
True
Is 4950 a multiple of 45?
True
Is 1520 a multiple of 19?
True
Is 47 a factor of 41414?
False
Is 1246 a multiple of 7?
True
Is 36 a factor of 2088?
True
Does 34 divide 586?
False
Is 799 a multiple of 17?
True
Does 8 divide 42816?
True
Does 34 divide 46728?
False
Is 19695 a multiple of 39?
True
Does 37 divide 74?
True
Is 34 a factor of 12410?
True
Does 12 divide 12360?
True
Is 52990 a multiple of 10?
True
Is 50 a factor of 3818?
False
Is 16 a factor of 220?
False
Is 3 a factor of 97?
False
Does 15 divide 2340?
True
Is 30 a factor of 5280?
True
Does 13 divide 16749?
False
Does 12 divide 12906?
False
Does 16 divide 2388?
False
Does 33 divide 841?
False
Does 50 divide 2357?
False
Does 11 divide 28022?
False
Is 23 a factor of 13214?
False
Is 87 a factor of 6699?
True
Is 7774 a multiple of 46?
True
Does 3 divide 811?
False
Is 13 a factor of 2457?
True
Is 40 a factor of 840?
True
Is 13 a factor of 910?
True
Does 19 divide 931?
True
Does 379 divide 144399?
True
Does 100 divide 3890?
False
Is 47 a factor of 1363?
True
Does 27 divide 864?
True
Is 17535 a multiple of 105?
True
Is 1448 a multiple of 8?
True
Does 14 divide 23912?
True
Does 13 divide 1069?
False
Is 1820 a multiple of 20?
True
Does 71 divide 5501?
False
Is 474 a multiple of 6?
True
Does 9 divide 1005?
False
Does 14 divide 157?
False
Is 4786 a multiple of 17?
False
Is 6 a factor of 19446?
True
Is 84564 a multiple of 348?
True
Is 118 a factor of 26786?
True
Is 254 a multiple of 61?
False
Is 21 a factor of 1218?
True
Does 63 divide 7119?
True
Is 4 a factor of 356?
True
Is 11 a factor of 23540?
True
Is 9 a factor of 2160?
True
Is 35 a factor of 175?
True
Does 19 divide 9861?
True
Is 20 a factor of 940?
True
Does 99 divide 198?
True
Is 2 a factor of 15?
False
Does 21 divide 903?
True
Does 44 divide 831?
False
Is 1783 a multiple of 72?
False
Is 48392 a multiple of 176?
False
Is 9 a factor of 8424?
True
Is 45 a factor of 3060?
True
Is 21 a factor of 1764?
True
Does 10 divide 361?
False
Is 21 a factor of 60446?
False
Is 266 a factor of 84763?
False
Is 36585 a multiple of 22?
False
Is 19 a factor of 378?
False
Is 123760 a multiple of 104?
True
Is 40 a factor of 9611?
False
Is 186 a factor of 7254?
True
Does 6 divide 15108?
True
Is 16796 a multiple of 247?
True
Is 6 a factor of 186?
True
Is 22 a factor of 28080?
False
Is 2 a factor of 1474?
True
Is 1003 a multiple of 29?
False
Is 9834 a multiple of 6?
True
Is 32040 a multiple of 58?
False
Is 18 a factor of 756?
True
Is 467 a multiple of 25?
False
Is 2072 a multiple of 8?
True
Is 7 a factor of 73?
False
Is 11 a factor of 990?
True
Does 10 divide 11550?
True
Does 25 divide 1200?
True
Is 16 a factor of 3351?
False
Does 55 divide 2327?
False
Does 18 divide 4482?
True
Does 4 divide 4472?
True
Is 9 a factor of 499?
False
Is 18 a factor of 846?
True
Is 1804 a multiple of 22?
True
Is 2492 a multiple of 14?
True
Is 33 a factor of 4290?
True
Is 1358 a multiple of 14?
True
Does 182 divide 25438?
False
Does 36 divide 89532?
True
Does 126 divide 16758?
True
Does 13 divide 441?
False
Is 34 a factor of 37502?
True
Does 7 divide 56495?
False
Does 42 divide 2440?
False
Is 13 a factor of 151?
False
Is 21 a factor of 19026?
True
Does 5 divide 254?
False
Is 8450 a multiple of 138?
False
Does 19 divide 1672?
True
Is 21 a factor of 1253?
False
Does 29 divide 348?
True
Does 13 divide 611?
True
Is 12 a factor of 456?
True
Is 19 a factor of 33782?
True
Is 7074 a multiple of 18?
True
Does 61 divide 1948?
False
Does 11 divide 27404?
False
Is 16080 a multiple of 24?
True
Is 14 a factor of 3318?
True
Is 132196 a multiple of 11?
False
Is 10 a factor of 2355?
False
Does 3 divide 699?
True
Does 58 divide 6612?
True
Is 11187 a multiple of 8?
False
Is 24 a factor of 264?
True
Is 43 a factor of 1782?
False
Is 15437 a multiple of 20?
False
Is 41 a factor of 649?
False
Does 15 divide 5735?
False
Is 331 a multiple of 6?
False
Does 20 divide 256?
False
Is 34368 a multiple of 179?
True
Does 27 divide 1540?
False
Is 6 a factor of 78?
True
Is 113 a factor of 59160?
False
Is 18348 a multiple of 11?
True
Is 9 a factor of 1149?
False
Is 119604 a multiple of 11?
False
Is 5 a factor of 458?
False
Does 6 divide 1842?
True
Is 362 a multiple of 20?
False
Is 5553 a multiple of 13?
False
Is 31 a factor of 10347?
False
Does 65 divide 13596?
False
Does 10 divide 1462?
False
Is 8319 a multiple of 3?
True
Does 15 divide 418?
False
Is 21 a factor of 14238?
True
Is 23 a factor of 184?
True
Is 2611 a multiple of 19?
False
Is 78051 a multiple of 165?
False
Is 104 a factor of 33384?
True
Does 18 divide 82875?
False
Is 11 a factor of 61072?
True
Does 8 divide 8819?
False
Does 117 divide 19422?
True
Is 141 a multiple of 3?
True
Does 26 divide 468?
True
Is 92 a multiple of 92?
True
Is 574 a multiple of 6?
False
Does 15 divide 900?
True
Is 85 a factor of 49439?
False
Does 21 divide 1176?
True
Is 2 a factor of 121?
False
Is 46 a factor of 2489?
False
Is 8010 a multiple of 45?
True
Is 24906 a multiple of 351?
False
Is 24 a factor of 63592?
False
Is 120 a factor of 9699?
False
Is 4492 a multiple of 4?
True
Is 12242 a multiple of 109?
False
Is 8479 a multiple of 61?
True
Is 55 a factor of 2050?
False
Is 58 a factor of 2653?
False
Does 3 divide 5044?
False
Is 1218 a multiple of 58?
True
Is 2358 a multiple of 18?
True
Does 3 divide 2654?
False
Is 4 a factor of 184?
True
Is 104 a factor of 1298?
False
Is 2833 a multiple of 8?
False
Is 83862 a multiple of 22?
False
Is 38679 a multiple of 139?
False
Is 28 a factor of 1587?
False
Is 1600 a multiple of 23?
False
Does 28 divide 915?
False
Is 2 a factor of 59?
False
Does 19 divide 2656?
False
Is 11 a factor of 4092?
True
Is 295 a multiple of 69?
False
Is 243 a factor of 80247?
False
Does 6 divide 36?
True
Does 5 divide 6715?
True
Is 28 a factor of 29068?
False
Is 3352 a multiple of 30?
False
Does 21 divide 2331?
True
Is 1090 a multiple of 28?
False
Is 52 a factor of 4374?
False
Is 1201 a multiple of 2?
False
Is 2550 a multiple of 11?
False
Does 8 divide 683?
False
Does 133 divide 2061?
False
Is 20 a factor of 13560?
True
Does 30 divide 429?
False
Is 33 a factor of 3300?
True
Is 95288 a multiple of 86?
True
Is 48 a factor of 15648?
True
Is 4002 a multiple of 9?
False
Does 106 divide 8374?
True
Is 308 a multiple of 11?
True
Does 17 divide 8349?
False
Is 5831 a multiple of 17?
True
Is 219 a multiple of 3?
True
Is 8 a factor of 134?
False
Does 209 divide 19646?
True
Is 8640 a multiple of 16?
True
Is 4607 a multiple of 142?
False
Is 29 a factor of 71?
False
Does 9 divide 335?
False
Does 73 divide 3942?
True
Is 72 a factor of 16632?
True
Is 174 a multiple of 58?
True
Does 18 divide 495?
False
Is 874 a multiple of 46?
True
Is 4 a factor of 168?
True
Is 2809 a multiple of 5?
False
Is 26 a factor of 576?
False
Is 7 a factor of 142?
False
Is 8866 a multiple of 22?
True
Is 37 a factor of 2442?
True
Is 37220 a multiple of 106?
False
Is 19000 a multiple of 40?
True
Is 609 a multiple of 29?
True
Is 47 a factor of 1747?
False
Does 36 divide 1476?
True
Is 496 a multiple of 4?
True
Is 284 a multiple of 3?
False
Does 62 divide 992?
True
Is 413 a multiple of 7?
True
Does 16 divide 2999?
False
Is 80 a multiple of 5?
True
Is 2376 a multiple of 22?
True
Is 240 a factor of 15360?
True
Does 9 divide 20853?
True
Does 10 divide 2701?
False
Is 2 a factor of 82?
True
Is 741 a multiple of 15?
False
Does 34 divide 68?
True
Is 30320 a multiple of 10?
True
Is 43 a factor of 1510?
False
Is 3521 a multiple of 28?
False
Does 119 divide 3808?
True
Is 70 a factor of 14196?
False
Is 3852 a multiple of 18?
True
Is 75300 a multiple of 22?
Fal